{"id":275,"date":"2013-03-18T18:07:33","date_gmt":"2013-03-18T16:07:33","guid":{"rendered":"http:\/\/www.arc-leipzig.de\/?page_id=275"},"modified":"2013-03-19T08:43:18","modified_gmt":"2013-03-19T06:43:18","slug":"dhm-frankfurt-a-m-2012","status":"publish","type":"page","link":"http:\/\/www.arc-leipzig.de\/?page_id=275","title":{"rendered":"DHM Frankfurt a.M. 2012"},"content":{"rendered":"<p style=\"text-align: justify;\">Durch eine \u00fcberaus erfolgreiche Saison 2011\/12, hatte es die Reitgruppe Leipzig geschafft sich auf Platz 1 der Mannschaftsrangliste zu hebeln und damit einen Freifahrtsschein zur Deutschen Hochschulmeisterschaft 2012 in Frankfurt am Main zu l\u00f6sen. Die Motivation war gro\u00df, unsere Meisterschaftsreiter Lisa Paasche, Veronika Waltl und Knut von L\u00fctzau lie\u00dfen keine Trainingsm\u00f6glichkeiten aus um sich flei\u00dfig mit Fremdpferden auf das Wochenende vom 6.-9.12.2012 vorzubereiten. Neben Leipzig qualifizierten sich noch 11 weitere Mannschaften sowie zw\u00f6lf Einzelreiter zur DHM und reisten trotz grausiger Wetterbedingungen f\u00fcr den Kampf um die Hochschulmeistertitel nach Frankfurt. Schon den Eintreffabend unter dem Motto \u201eFrankfurt am Main \u2013 Capital of Crime\u201c machte Leipziger Delegation als schweigende L\u00e4mmer und Hannibal Lecter unsicher. Freitagmorgen wurde es dann zum ersten Mal ernst. Nachdem alle Beteiligten \u00fcber schneebedeckte Stra\u00dfen zur Reitanlage Winterm\u00fchle geschlichen waren, stand die erste Runde Dressur auf dem Programm. Im von der Kappe bis zur Stiefelspitze aufeinander abgestimmten Outfit bestritten unsere Reiter die Mannschaftsaufgabe auf nicht ganz einfachen Pferden. Trotz guter Ritte reichte es f\u00fcr keinen der drei zum Weiterkommen. Also wurden die Skihosen angezogen und sich f\u00fcr den Rest des Tages auf der Trib\u00fcne unter Decken eingekuschelt, um das Treiben der Konkurrenz zu begutachten.<\/p>\n<p style=\"text-align: justify;\"><a href=\"http:\/\/www.arc-leipzig.de\/wp-content\/uploads\/2013\/03\/MG_5529.jpg\"><img decoding=\"async\" loading=\"lazy\" class=\"alignnone size-medium wp-image-268\" title=\"_MG_5529\" src=\"http:\/\/www.arc-leipzig.de\/wp-content\/uploads\/2013\/03\/MG_5529-300x199.jpg\" alt=\"\" width=\"300\" height=\"199\" srcset=\"http:\/\/www.arc-leipzig.de\/wp-content\/uploads\/2013\/03\/MG_5529-300x199.jpg 300w, http:\/\/www.arc-leipzig.de\/wp-content\/uploads\/2013\/03\/MG_5529-1024x682.jpg 1024w, http:\/\/www.arc-leipzig.de\/wp-content\/uploads\/2013\/03\/MG_5529-624x415.jpg 624w, http:\/\/www.arc-leipzig.de\/wp-content\/uploads\/2013\/03\/MG_5529.jpg 2000w\" sizes=\"(max-width: 300px) 100vw, 300px\" \/><\/a> <a href=\"http:\/\/www.arc-leipzig.de\/wp-content\/uploads\/2013\/03\/MG_5512.jpg\"><img decoding=\"async\" loading=\"lazy\" class=\"alignnone size-medium wp-image-270\" title=\"_MG_5512\" src=\"http:\/\/www.arc-leipzig.de\/wp-content\/uploads\/2013\/03\/MG_5512-300x199.jpg\" alt=\"\" width=\"300\" height=\"199\" srcset=\"http:\/\/www.arc-leipzig.de\/wp-content\/uploads\/2013\/03\/MG_5512-300x199.jpg 300w, http:\/\/www.arc-leipzig.de\/wp-content\/uploads\/2013\/03\/MG_5512-1024x682.jpg 1024w, http:\/\/www.arc-leipzig.de\/wp-content\/uploads\/2013\/03\/MG_5512-624x415.jpg 624w, http:\/\/www.arc-leipzig.de\/wp-content\/uploads\/2013\/03\/MG_5512.jpg 2000w\" sizes=\"(max-width: 300px) 100vw, 300px\" \/><\/a><\/p>\n<p style=\"text-align: justify;\">Am Abend blieb dann keine Zeit um M\u00fcdigkeit vorzut\u00e4uschen. Die kalten Knochen wurden unter der Dusche aufgetaut und schon ging es weiter zur gro\u00dfen Turnierparty ins Tanzhaus West, wo vorallem die zahlreich mit angereisten Schlabus erneut bis in die Morgenstunden \u00fcber die Tanzfl\u00e4che wirbelten.<\/p>\n<p style=\"text-align: justify;\"><a href=\"http:\/\/www.arc-leipzig.de\/wp-content\/uploads\/2013\/03\/MG_5527_hoch.jpg\"><img decoding=\"async\" loading=\"lazy\" class=\"alignnone size-medium wp-image-278\" title=\"_MG_5527_hoch\" src=\"http:\/\/www.arc-leipzig.de\/wp-content\/uploads\/2013\/03\/MG_5527_hoch-200x300.jpg\" alt=\"\" width=\"200\" height=\"300\" srcset=\"http:\/\/www.arc-leipzig.de\/wp-content\/uploads\/2013\/03\/MG_5527_hoch-200x300.jpg 200w, http:\/\/www.arc-leipzig.de\/wp-content\/uploads\/2013\/03\/MG_5527_hoch-682x1024.jpg 682w, http:\/\/www.arc-leipzig.de\/wp-content\/uploads\/2013\/03\/MG_5527_hoch-624x936.jpg 624w, http:\/\/www.arc-leipzig.de\/wp-content\/uploads\/2013\/03\/MG_5527_hoch.jpg 884w\" sizes=\"(max-width: 200px) 100vw, 200px\" \/><\/a> <a href=\"http:\/\/www.arc-leipzig.de\/wp-content\/uploads\/2013\/03\/MG_5481.jpg\"><img decoding=\"async\" loading=\"lazy\" class=\"alignnone size-medium wp-image-276\" title=\"_MG_5481\" src=\"http:\/\/www.arc-leipzig.de\/wp-content\/uploads\/2013\/03\/MG_5481-199x300.jpg\" alt=\"\" width=\"199\" height=\"300\" srcset=\"http:\/\/www.arc-leipzig.de\/wp-content\/uploads\/2013\/03\/MG_5481-199x300.jpg 199w, http:\/\/www.arc-leipzig.de\/wp-content\/uploads\/2013\/03\/MG_5481-682x1024.jpg 682w, http:\/\/www.arc-leipzig.de\/wp-content\/uploads\/2013\/03\/MG_5481-624x936.jpg 624w, http:\/\/www.arc-leipzig.de\/wp-content\/uploads\/2013\/03\/MG_5481.jpg 1333w\" sizes=\"(max-width: 199px) 100vw, 199px\" \/><\/a> <a href=\"http:\/\/www.arc-leipzig.de\/wp-content\/uploads\/2013\/03\/MG_5591.jpg\"><img decoding=\"async\" loading=\"lazy\" class=\"alignnone size-medium wp-image-273\" title=\"_MG_5591\" src=\"http:\/\/www.arc-leipzig.de\/wp-content\/uploads\/2013\/03\/MG_5591-199x300.jpg\" alt=\"\" width=\"199\" height=\"300\" srcset=\"http:\/\/www.arc-leipzig.de\/wp-content\/uploads\/2013\/03\/MG_5591-199x300.jpg 199w, http:\/\/www.arc-leipzig.de\/wp-content\/uploads\/2013\/03\/MG_5591-682x1024.jpg 682w, http:\/\/www.arc-leipzig.de\/wp-content\/uploads\/2013\/03\/MG_5591-624x936.jpg 624w, http:\/\/www.arc-leipzig.de\/wp-content\/uploads\/2013\/03\/MG_5591.jpg 1333w\" sizes=\"(max-width: 199px) 100vw, 199px\" \/><\/a><\/p>\n<p style=\"text-align: justify;\">Samstag stand dann das Springen an. Hochmotiviert gingen auch hier unsere Leipziger an den Start und gaben im Parcours ihr Bestes. Knut gelang es sich f\u00fcr die erste L-Runde zu qualifizieren. Dort musste aber auch er sich geschlagen geben. Den Rest des Tages fieberten wir dann mit Johannes Blum aus Ilmenau, dem einzigen weiteren Starter aus den neuen Bundesl\u00e4nder, mit. Er schaffte es sich f\u00fcr das Finale am Sonntag zu qualifizieren.<\/p>\n<p style=\"text-align: justify;\"><a href=\"http:\/\/www.arc-leipzig.de\/wp-content\/uploads\/2013\/03\/MG_5602.jpg\"><img decoding=\"async\" loading=\"lazy\" class=\"alignnone size-medium wp-image-271\" title=\"_MG_5602\" src=\"http:\/\/www.arc-leipzig.de\/wp-content\/uploads\/2013\/03\/MG_5602-300x192.jpg\" alt=\"\" width=\"300\" height=\"192\" srcset=\"http:\/\/www.arc-leipzig.de\/wp-content\/uploads\/2013\/03\/MG_5602-300x192.jpg 300w, http:\/\/www.arc-leipzig.de\/wp-content\/uploads\/2013\/03\/MG_5602-1024x658.jpg 1024w, http:\/\/www.arc-leipzig.de\/wp-content\/uploads\/2013\/03\/MG_5602-624x401.jpg 624w, http:\/\/www.arc-leipzig.de\/wp-content\/uploads\/2013\/03\/MG_5602.jpg 2000w\" sizes=\"(max-width: 300px) 100vw, 300px\" \/><\/a> <a href=\"http:\/\/www.arc-leipzig.de\/wp-content\/uploads\/2013\/03\/MG_5599.jpg\"><img decoding=\"async\" loading=\"lazy\" class=\"alignnone size-medium wp-image-272\" title=\"_MG_5599\" src=\"http:\/\/www.arc-leipzig.de\/wp-content\/uploads\/2013\/03\/MG_5599-300x199.jpg\" alt=\"\" width=\"300\" height=\"199\" srcset=\"http:\/\/www.arc-leipzig.de\/wp-content\/uploads\/2013\/03\/MG_5599-300x199.jpg 300w, http:\/\/www.arc-leipzig.de\/wp-content\/uploads\/2013\/03\/MG_5599-1024x682.jpg 1024w, http:\/\/www.arc-leipzig.de\/wp-content\/uploads\/2013\/03\/MG_5599-624x415.jpg 624w, http:\/\/www.arc-leipzig.de\/wp-content\/uploads\/2013\/03\/MG_5599.jpg 2000w\" sizes=\"(max-width: 300px) 100vw, 300px\" \/><\/a><\/p>\n<p style=\"text-align: justify;\">Nach dem Sportlichen Teil kam mit dem DHM-Ball einer der H\u00f6hepunkte des Wochenendes auf uns zu. Viel Zeit blieb den Reitgruppen nicht um sich in Cinderella und Prinz Charming zu verwandeln, dennoch tauchten alle fein herausgeputzt und mehr oder weniger p\u00fcnktlich im Casino des IG-Farbenhauses auf. Auf dem Ball angekommen wurde dann exquisit gespeist und nach dem offiziellen Programm, bei dem unter anderem der DAR-Fury verliehen und die f\u00fcrs Finale qualifizierten Mannschaften verk\u00fcndet wurden, nat\u00fcrlich wieder getanzt was das Zeug, oder in diesem Fall der Tisch, h\u00e4lt.<\/p>\n<p style=\"text-align: justify;\"><a href=\"http:\/\/www.arc-leipzig.de\/wp-content\/uploads\/2013\/03\/IMG_5715.jpg\"><img decoding=\"async\" loading=\"lazy\" class=\"alignnone size-medium wp-image-265\" title=\"IMG_5715\" src=\"http:\/\/www.arc-leipzig.de\/wp-content\/uploads\/2013\/03\/IMG_5715-300x192.jpg\" alt=\"\" width=\"300\" height=\"192\" srcset=\"http:\/\/www.arc-leipzig.de\/wp-content\/uploads\/2013\/03\/IMG_5715-300x192.jpg 300w, http:\/\/www.arc-leipzig.de\/wp-content\/uploads\/2013\/03\/IMG_5715-1024x658.jpg 1024w, http:\/\/www.arc-leipzig.de\/wp-content\/uploads\/2013\/03\/IMG_5715-624x401.jpg 624w, http:\/\/www.arc-leipzig.de\/wp-content\/uploads\/2013\/03\/IMG_5715.jpg 2000w\" sizes=\"(max-width: 300px) 100vw, 300px\" \/><\/a> <a href=\"http:\/\/www.arc-leipzig.de\/wp-content\/uploads\/2013\/03\/Ball-Ostdeutschland.jpg\"><img decoding=\"async\" loading=\"lazy\" class=\"alignnone size-medium wp-image-279\" title=\"Ball-Ostdeutschland\" src=\"http:\/\/www.arc-leipzig.de\/wp-content\/uploads\/2013\/03\/Ball-Ostdeutschland-300x199.jpg\" alt=\"\" width=\"300\" height=\"199\" srcset=\"http:\/\/www.arc-leipzig.de\/wp-content\/uploads\/2013\/03\/Ball-Ostdeutschland-300x199.jpg 300w, http:\/\/www.arc-leipzig.de\/wp-content\/uploads\/2013\/03\/Ball-Ostdeutschland-1024x682.jpg 1024w, http:\/\/www.arc-leipzig.de\/wp-content\/uploads\/2013\/03\/Ball-Ostdeutschland-624x415.jpg 624w, http:\/\/www.arc-leipzig.de\/wp-content\/uploads\/2013\/03\/Ball-Ostdeutschland.jpg 1400w\" sizes=\"(max-width: 300px) 100vw, 300px\" \/><\/a><\/p>\n<p style=\"text-align: justify;\">Sonntag erfreuten wir uns dann entspannt vom Rande der Reithalle an den sportlichen Darbietungen im Mannschafts-, Dressur- und Springfinale. Einmal war noch anfeuern und jubeln angesagt, denn Johannes entschied das Springfinale f\u00fcr sich und holte damit den Titel in den Osten! Als letzter Programmpunkt folgte die gro\u00dfe Siegerehrung. F\u00fcr uns hie\u00df es am Ende Platz 12 mit der Mannschaft und Platz 15 im Springen f\u00fcr Knut. Auch wenn wir nicht vorn mitreiten konnten, war die DHM f\u00fcr die Reitgruppe Leipzig eine tolle Veranstaltung. Wir hatten rie\u00dfigen Spa\u00df als gro\u00dfartiges Team, sind vielen netten Leuten begegnet und konnten jede Menge Erfahrung und Motivation f\u00fcr die n\u00e4chste Saison mitnehmen! In diesem Sinne ein lautes <strong>OOOH LEIPZIG \u2013 IM OSTEN GEHT DIE SONNE AUF!<\/strong><\/p>\n<p style=\"text-align: justify;\"><a href=\"http:\/\/www.arc-leipzig.de\/wp-content\/uploads\/2013\/03\/IMG_5780.jpg\"><img decoding=\"async\" loading=\"lazy\" class=\"alignnone size-medium wp-image-266\" title=\"IMG_5780\" src=\"http:\/\/www.arc-leipzig.de\/wp-content\/uploads\/2013\/03\/IMG_5780-300x199.jpg\" alt=\"\" width=\"300\" height=\"199\" srcset=\"http:\/\/www.arc-leipzig.de\/wp-content\/uploads\/2013\/03\/IMG_5780-300x199.jpg 300w, http:\/\/www.arc-leipzig.de\/wp-content\/uploads\/2013\/03\/IMG_5780-1024x682.jpg 1024w, http:\/\/www.arc-leipzig.de\/wp-content\/uploads\/2013\/03\/IMG_5780-624x415.jpg 624w, http:\/\/www.arc-leipzig.de\/wp-content\/uploads\/2013\/03\/IMG_5780.jpg 2000w\" sizes=\"(max-width: 300px) 100vw, 300px\" \/><\/a> <a href=\"http:\/\/www.arc-leipzig.de\/wp-content\/uploads\/2013\/03\/IMG_5757.jpg\"><img decoding=\"async\" loading=\"lazy\" class=\"alignnone size-medium wp-image-267\" title=\"IMG_5757\" src=\"http:\/\/www.arc-leipzig.de\/wp-content\/uploads\/2013\/03\/IMG_5757-300x199.jpg\" alt=\"\" width=\"300\" height=\"199\" srcset=\"http:\/\/www.arc-leipzig.de\/wp-content\/uploads\/2013\/03\/IMG_5757-300x199.jpg 300w, http:\/\/www.arc-leipzig.de\/wp-content\/uploads\/2013\/03\/IMG_5757-1024x682.jpg 1024w, http:\/\/www.arc-leipzig.de\/wp-content\/uploads\/2013\/03\/IMG_5757-624x415.jpg 624w, http:\/\/www.arc-leipzig.de\/wp-content\/uploads\/2013\/03\/IMG_5757.jpg 2000w\" sizes=\"(max-width: 300px) 100vw, 300px\" \/><\/a><\/p>\n","protected":false},"excerpt":{"rendered":"<p>Durch eine \u00fcberaus erfolgreiche Saison 2011\/12, hatte es die Reitgruppe Leipzig geschafft sich auf Platz 1 der Mannschaftsrangliste zu hebeln und damit einen Freifahrtsschein zur Deutschen Hochschulmeisterschaft 2012 in Frankfurt am Main zu l\u00f6sen. Die Motivation war gro\u00df, unsere Meisterschaftsreiter Lisa Paasche, Veronika Waltl und Knut von L\u00fctzau lie\u00dfen keine Trainingsm\u00f6glichkeiten aus um sich flei\u00dfig [&hellip;]<\/p>\n","protected":false},"author":3,"featured_media":0,"parent":23,"menu_order":0,"comment_status":"closed","ping_status":"open","template":"","meta":[],"_links":{"self":[{"href":"http:\/\/www.arc-leipzig.de\/index.php?rest_route=\/wp\/v2\/pages\/275"}],"collection":[{"href":"http:\/\/www.arc-leipzig.de\/index.php?rest_route=\/wp\/v2\/pages"}],"about":[{"href":"http:\/\/www.arc-leipzig.de\/index.php?rest_route=\/wp\/v2\/types\/page"}],"author":[{"embeddable":true,"href":"http:\/\/www.arc-leipzig.de\/index.php?rest_route=\/wp\/v2\/users\/3"}],"replies":[{"embeddable":true,"href":"http:\/\/www.arc-leipzig.de\/index.php?rest_route=%2Fwp%2Fv2%2Fcomments&post=275"}],"version-history":[{"count":4,"href":"http:\/\/www.arc-leipzig.de\/index.php?rest_route=\/wp\/v2\/pages\/275\/revisions"}],"predecessor-version":[{"id":283,"href":"http:\/\/www.arc-leipzig.de\/index.php?rest_route=\/wp\/v2\/pages\/275\/revisions\/283"}],"up":[{"embeddable":true,"href":"http:\/\/www.arc-leipzig.de\/index.php?rest_route=\/wp\/v2\/pages\/23"}],"wp:attachment":[{"href":"http:\/\/www.arc-leipzig.de\/index.php?rest_route=%2Fwp%2Fv2%2Fmedia&parent=275"}],"curies":[{"name":"wp","href":"https:\/\/api.w.org\/{rel}","templated":true}]}}