{"id":327,"date":"2013-03-23T19:07:00","date_gmt":"2013-03-23T17:07:00","guid":{"rendered":"http:\/\/www.arc-leipzig.de\/?page_id=327"},"modified":"2013-03-23T19:07:15","modified_gmt":"2013-03-23T17:07:15","slug":"chu-ilmenau-2012","status":"publish","type":"page","link":"http:\/\/www.arc-leipzig.de\/?page_id=327","title":{"rendered":"CHU Ilmenau 2012"},"content":{"rendered":"<p style=\"text-align: justify;\">Nach einem tollen CHU Halle 2012 hie\u00df es f\u00fcr Lisa, Knut und Laura nach f\u00fcnf Tagen Rekonvaleszenzzeit am 20.04. <em>\u201eIch glaub es geht schon wieder los&#8230;\u201c<\/em>. In Lisas Luxuslimosine machten wir uns in \u00dcberschallgeschwindigkeit auf nach M\u00fchlberg zum CHU der Reitgruppe Ilmenau. Als 3. Reiter vervollst\u00e4ndigte Exil-Leipziger Stephan das Team. Nach ausreichendem Warmquartern ging es mit Sonnenbrillen, Lackleggins und Knarre bewaffnet auf den Eintreffabend. Unser Motto \u201eMatrix\u201c konnten wir zwar nur mittelm\u00e4\u00dfig gut verkaufen, daf\u00fcr feierten wir nat\u00fcrlich umso besser.<\/p>\n<p style=\"text-align: justify;\">Am Samstag erlebten wir dann ganz gro\u00dfen Sport&#8230; oder besser gesagt ganz gro\u00dfe Benotung. Knut qualifizierte sich mit einer 9,5 f\u00fcr die L-Runde. Der Stilpreis war ihm jedoch damit erstaunlicher Weise nicht verg\u00f6nnt, denn kurze Zeit sp\u00e4ter sicherte sich eine andere Reiterin \u00fcberraschend die 10,0! Im Halbfinale musste sich Knut dann leider knapp geschlagen geben und seine Dressurkarriere f\u00fcr dieses Wochenende beenden.<\/p>\n<p style=\"text-align: justify;\">W\u00e4hrend die Ringerpuppen in der Turnhalle ein kostenloses Umstyling erhielten und als Bereicherung f\u00fcr einsame Luftmatratzen vermittelt wurden, waren Svenja und Alexa als Verst\u00e4rkung angereist. Das deutlich gewachsene Team Leipzig machte sich also auf, die Samstagsparty zu st\u00fcrmen. Der Abend hielt allerdings einen unerfreulichen Zwischenfall bereit. Wegen einem unzuverl\u00e4ssigen Tanzpartner st\u00fcrzte Alexa beim Knoten. Dabei wurde ihr Ohr stark in Mitleidenschaft gezogen, was einen Abstecher in die Notaufnahme erforderlich machte. <em>Es lehrt uns die Geschicht&#8216;: knote mit Franz Fatal nicht!<\/em><\/p>\n<p style=\"text-align: justify;\"><a href=\"http:\/\/www.arc-leipzig.de\/wp-content\/uploads\/2013\/03\/BILD-42.jpg\"><img decoding=\"async\" loading=\"lazy\" class=\"alignnone size-medium wp-image-331\" title=\"BILD 4\" src=\"http:\/\/www.arc-leipzig.de\/wp-content\/uploads\/2013\/03\/BILD-42-300x200.jpg\" alt=\"\" width=\"300\" height=\"200\" srcset=\"http:\/\/www.arc-leipzig.de\/wp-content\/uploads\/2013\/03\/BILD-42-300x200.jpg 300w, http:\/\/www.arc-leipzig.de\/wp-content\/uploads\/2013\/03\/BILD-42-624x416.jpg 624w, http:\/\/www.arc-leipzig.de\/wp-content\/uploads\/2013\/03\/BILD-42.jpg 880w\" sizes=\"(max-width: 300px) 100vw, 300px\" \/><\/a>\u00a0<a href=\"http:\/\/www.arc-leipzig.de\/wp-content\/uploads\/2013\/03\/BILD-6.jpg\"><img decoding=\"async\" loading=\"lazy\" class=\"alignnone size-medium wp-image-329\" title=\"CHU Ilmenau 2012 5\" src=\"http:\/\/www.arc-leipzig.de\/wp-content\/uploads\/2013\/03\/BILD-6-300x200.jpg\" alt=\"\" width=\"300\" height=\"200\" srcset=\"http:\/\/www.arc-leipzig.de\/wp-content\/uploads\/2013\/03\/BILD-6-300x200.jpg 300w, http:\/\/www.arc-leipzig.de\/wp-content\/uploads\/2013\/03\/BILD-6-624x416.jpg 624w, http:\/\/www.arc-leipzig.de\/wp-content\/uploads\/2013\/03\/BILD-6.jpg 661w\" sizes=\"(max-width: 300px) 100vw, 300px\" \/><\/a><\/p>\n<p style=\"text-align: justify;\">Sonntagmorgen stand dann wie immer Springen auf dem Programm. Lisa und Knut schieden leider beide trotz verdreifachtem Daumendr\u00fccken knapp in der A-Runde aus. Daf\u00fcr k\u00e4mpfte sich Stephan bis ins Finale und holte schlie\u00dflich sogar den Sieg nach Leipzig!! Dar\u00fcber hinaus gab es insgesamt f\u00fcr die Mannschaft schlie\u00dflich Platz 5 und f\u00fcr Knut Platz 4 in der Dressur und Platz 6 in der Kombi.<\/p>\n<p style=\"text-align: justify;\"><a href=\"http:\/\/www.arc-leipzig.de\/wp-content\/uploads\/2013\/03\/BILD-7.jpg\"><img decoding=\"async\" loading=\"lazy\" class=\"alignnone size-medium wp-image-325\" title=\"CHU Ilmenau 2012 2\" src=\"http:\/\/www.arc-leipzig.de\/wp-content\/uploads\/2013\/03\/BILD-7-200x300.jpg\" alt=\"\" width=\"200\" height=\"300\" srcset=\"http:\/\/www.arc-leipzig.de\/wp-content\/uploads\/2013\/03\/BILD-7-200x300.jpg 200w, http:\/\/www.arc-leipzig.de\/wp-content\/uploads\/2013\/03\/BILD-7.jpg 400w\" sizes=\"(max-width: 200px) 100vw, 200px\" \/><\/a>\u00a0<a href=\"http:\/\/www.arc-leipzig.de\/wp-content\/uploads\/2013\/03\/BILD-11.jpg\"><img decoding=\"async\" loading=\"lazy\" class=\"alignnone size-medium wp-image-328\" title=\"CHU Ilmenau 2\" src=\"http:\/\/www.arc-leipzig.de\/wp-content\/uploads\/2013\/03\/BILD-11-200x300.jpg\" alt=\"\" width=\"200\" height=\"300\" srcset=\"http:\/\/www.arc-leipzig.de\/wp-content\/uploads\/2013\/03\/BILD-11-200x300.jpg 200w, http:\/\/www.arc-leipzig.de\/wp-content\/uploads\/2013\/03\/BILD-11.jpg 480w\" sizes=\"(max-width: 200px) 100vw, 200px\" \/><\/a> <a href=\"http:\/\/www.arc-leipzig.de\/wp-content\/uploads\/2013\/03\/BILD-2.jpg\"><img decoding=\"async\" loading=\"lazy\" class=\"alignnone size-medium wp-image-324\" title=\"CHU Ilmenau 2012 3\" src=\"http:\/\/www.arc-leipzig.de\/wp-content\/uploads\/2013\/03\/BILD-2-e1364057900232-208x300.jpg\" alt=\"\" width=\"208\" height=\"300\" srcset=\"http:\/\/www.arc-leipzig.de\/wp-content\/uploads\/2013\/03\/BILD-2-e1364057900232-208x300.jpg 208w, http:\/\/www.arc-leipzig.de\/wp-content\/uploads\/2013\/03\/BILD-2-e1364057900232.jpg 631w\" sizes=\"(max-width: 208px) 100vw, 208px\" \/><\/a><\/p>\n","protected":false},"excerpt":{"rendered":"<p>Nach einem tollen CHU Halle 2012 hie\u00df es f\u00fcr Lisa, Knut und Laura nach f\u00fcnf Tagen Rekonvaleszenzzeit am 20.04. \u201eIch glaub es geht schon wieder los&#8230;\u201c. In Lisas Luxuslimosine machten wir uns in \u00dcberschallgeschwindigkeit auf nach M\u00fchlberg zum CHU der Reitgruppe Ilmenau. Als 3. Reiter vervollst\u00e4ndigte Exil-Leipziger Stephan das Team. Nach ausreichendem Warmquartern ging es [&hellip;]<\/p>\n","protected":false},"author":3,"featured_media":0,"parent":23,"menu_order":0,"comment_status":"closed","ping_status":"open","template":"","meta":[],"_links":{"self":[{"href":"http:\/\/www.arc-leipzig.de\/index.php?rest_route=\/wp\/v2\/pages\/327"}],"collection":[{"href":"http:\/\/www.arc-leipzig.de\/index.php?rest_route=\/wp\/v2\/pages"}],"about":[{"href":"http:\/\/www.arc-leipzig.de\/index.php?rest_route=\/wp\/v2\/types\/page"}],"author":[{"embeddable":true,"href":"http:\/\/www.arc-leipzig.de\/index.php?rest_route=\/wp\/v2\/users\/3"}],"replies":[{"embeddable":true,"href":"http:\/\/www.arc-leipzig.de\/index.php?rest_route=%2Fwp%2Fv2%2Fcomments&post=327"}],"version-history":[{"count":2,"href":"http:\/\/www.arc-leipzig.de\/index.php?rest_route=\/wp\/v2\/pages\/327\/revisions"}],"predecessor-version":[{"id":334,"href":"http:\/\/www.arc-leipzig.de\/index.php?rest_route=\/wp\/v2\/pages\/327\/revisions\/334"}],"up":[{"embeddable":true,"href":"http:\/\/www.arc-leipzig.de\/index.php?rest_route=\/wp\/v2\/pages\/23"}],"wp:attachment":[{"href":"http:\/\/www.arc-leipzig.de\/index.php?rest_route=%2Fwp%2Fv2%2Fmedia&parent=327"}],"curies":[{"name":"wp","href":"https:\/\/api.w.org\/{rel}","templated":true}]}}

<p style="text-align: justify;">Nach einem tollen CHU Halle 2012 hieß es für Lisa, Knut und Laura nach fünf Tagen Rekonvaleszenzzeit am 20.04. <em>„Ich glaub es geht schon wieder los&#8230;“</em>. In Lisas Luxuslimosine machten wir uns in Überschallgeschwindigkeit auf nach Mühlberg zum CHU der Reitgruppe Ilmenau. Als 3. Reiter vervollständigte Exil-Leipziger Stephan das Team. Nach ausreichendem Warmquartern ging es mit Sonnenbrillen, Lackleggins und Knarre bewaffnet auf den Eintreffabend. Unser Motto „Matrix“ konnten wir zwar nur mittelmäßig gut verkaufen, dafür feierten wir natürlich umso besser.</p>
<p style="text-align: justify;">Am Samstag erlebten wir dann ganz großen Sport&#8230; oder besser gesagt ganz große Benotung. Knut qualifizierte sich mit einer 9,5 für die L-Runde. Der Stilpreis war ihm jedoch damit erstaunlicher Weise nicht vergönnt, denn kurze Zeit später sicherte sich eine andere Reiterin überraschend die 10,0! Im Halbfinale musste sich Knut dann leider knapp geschlagen geben und seine Dressurkarriere für dieses Wochenende beenden.</p>
<p style="text-align: justify;">Während die Ringerpuppen in der Turnhalle ein kostenloses Umstyling erhielten und als Bereicherung für einsame Luftmatratzen vermittelt wurden, waren Svenja und Alexa als Verstärkung angereist. Das deutlich gewachsene Team Leipzig machte sich also auf, die Samstagsparty zu stürmen. Der Abend hielt allerdings einen unerfreulichen Zwischenfall bereit. Wegen einem unzuverlässigen Tanzpartner stürzte Alexa beim Knoten. Dabei wurde ihr Ohr stark in Mitleidenschaft gezogen, was einen Abstecher in die Notaufnahme erforderlich machte. <em>Es lehrt uns die Geschicht&#8216;: knote mit Franz Fatal nicht!</em></p>
<p style="text-align: justify;"><a href="http://www.arc-leipzig.de/wp-content/uploads/2013/03/BILD-42.jpg"><img decoding="async" loading="lazy" class="alignnone size-medium wp-image-331" title="BILD 4" src="http://www.arc-leipzig.de/wp-content/uploads/2013/03/BILD-42-300x200.jpg" alt="" width="300" height="200" srcset="http://www.arc-leipzig.de/wp-content/uploads/2013/03/BILD-42-300x200.jpg 300w, http://www.arc-leipzig.de/wp-content/uploads/2013/03/BILD-42-624x416.jpg 624w, http://www.arc-leipzig.de/wp-content/uploads/2013/03/BILD-42.jpg 880w" sizes="(max-width: 300px) 100vw, 300px" /></a> <a href="http://www.arc-leipzig.de/wp-content/uploads/2013/03/BILD-6.jpg"><img decoding="async" loading="lazy" class="alignnone size-medium wp-image-329" title="CHU Ilmenau 2012 5" src="http://www.arc-leipzig.de/wp-content/uploads/2013/03/BILD-6-300x200.jpg" alt="" width="300" height="200" srcset="http://www.arc-leipzig.de/wp-content/uploads/2013/03/BILD-6-300x200.jpg 300w, http://www.arc-leipzig.de/wp-content/uploads/2013/03/BILD-6-624x416.jpg 624w, http://www.arc-leipzig.de/wp-content/uploads/2013/03/BILD-6.jpg 661w" sizes="(max-width: 300px) 100vw, 300px" /></a></p>
<p style="text-align: justify;">Sonntagmorgen stand dann wie immer Springen auf dem Programm. Lisa und Knut schieden leider beide trotz verdreifachtem Daumendrücken knapp in der A-Runde aus. Dafür kämpfte sich Stephan bis ins Finale und holte schließlich sogar den Sieg nach Leipzig!! Darüber hinaus gab es insgesamt für die Mannschaft schließlich Platz 5 und für Knut Platz 4 in der Dressur und Platz 6 in der Kombi.</p>
<p style="text-align: justify;"><a href="http://www.arc-leipzig.de/wp-content/uploads/2013/03/BILD-7.jpg"><img decoding="async" loading="lazy" class="alignnone size-medium wp-image-325" title="CHU Ilmenau 2012 2" src="http://www.arc-leipzig.de/wp-content/uploads/2013/03/BILD-7-200x300.jpg" alt="" width="200" height="300" srcset="http://www.arc-leipzig.de/wp-content/uploads/2013/03/BILD-7-200x300.jpg 200w, http://www.arc-leipzig.de/wp-content/uploads/2013/03/BILD-7.jpg 400w" sizes="(max-width: 200px) 100vw, 200px" /></a> <a href="http://www.arc-leipzig.de/wp-content/uploads/2013/03/BILD-11.jpg"><img decoding="async" loading="lazy" class="alignnone size-medium wp-image-328" title="CHU Ilmenau 2" src="http://www.arc-leipzig.de/wp-content/uploads/2013/03/BILD-11-200x300.jpg" alt="" width="200" height="300" srcset="http://www.arc-leipzig.de/wp-content/uploads/2013/03/BILD-11-200x300.jpg 200w, http://www.arc-leipzig.de/wp-content/uploads/2013/03/BILD-11.jpg 480w" sizes="(max-width: 200px) 100vw, 200px" /></a> <a href="http://www.arc-leipzig.de/wp-content/uploads/2013/03/BILD-2.jpg"><img decoding="async" loading="lazy" class="alignnone size-medium wp-image-324" title="CHU Ilmenau 2012 3" src="http://www.arc-leipzig.de/wp-content/uploads/2013/03/BILD-2-e1364057900232-208x300.jpg" alt="" width="208" height="300" srcset="http://www.arc-leipzig.de/wp-content/uploads/2013/03/BILD-2-e1364057900232-208x300.jpg 208w, http://www.arc-leipzig.de/wp-content/uploads/2013/03/BILD-2-e1364057900232.jpg 631w" sizes="(max-width: 208px) 100vw, 208px" /></a></p>

<p>Nach einem tollen CHU Halle 2012 hieß es für Lisa, Knut und Laura nach fünf Tagen Rekonvaleszenzzeit am 20.04. „Ich glaub es geht schon wieder los&#8230;“. In Lisas Luxuslimosine machten wir uns in Überschallgeschwindigkeit auf nach Mühlberg zum CHU der Reitgruppe Ilmenau. Als 3. Reiter vervollständigte Exil-Leipziger Stephan das Team. Nach ausreichendem Warmquartern ging es [&hellip;]</p>
