{"id":916,"date":"2015-02-18T21:29:56","date_gmt":"2015-02-18T19:29:56","guid":{"rendered":"http:\/\/www.arc-leipzig.de\/?page_id=916"},"modified":"2015-02-18T22:36:28","modified_gmt":"2015-02-18T20:36:28","slug":"chu-berlin-2014","status":"publish","type":"page","link":"http:\/\/www.arc-leipzig.de\/?page_id=916","title":{"rendered":"CHU Berlin 2014"},"content":{"rendered":"<p style=\"text-align: justify;\"><em>Vorwort des Autors: &gt;&gt; CHU Berlin \u2013 Spielbericht<\/em>:<br \/>\n<em>Am Wochenende vom 26.-28. September 2014 veranstaltete der Studentenreitverein Berlin sein<\/em> <em>allj\u00e4hrliches Turnier. Dummerweise hat man mich ausgew\u00e4hlt, diesen Bericht zu schreiben. Was<\/em> <em>daran so bl\u00f6d ist? \u2013 Ich erinnere mich an nichts mehr. Das einzige, woran ich mich erinnere, wie wir uns erstmal auf der Autobahn, aufgrund einen verdammten Sperrung, verfahren haben. Irgendwo, kurz vor Berlin, h\u00f6rt meine Erinnerung auf und kehrt erst zur\u00fcck, als die Siegerehrung mit einem starken \u201eOooohhhh Berlin\u201c beendet wurde. Heim sind wir sehr gut durchgekommen und dann alle vollkommen ersch\u00f6pft in unsere Betten geplumpst. &lt;&lt;<\/em><\/p>\n<p style=\"text-align: justify;\">Am Wochenende vom 26.-28. September 2014 veranstalteten die Studentenreiter Berlin ihr allj\u00e4hrliches Turnier. Nach einer lustigen Anfahrt, auf der wir uns, aufgrund einer Sperrung, ein wenig verfahren haben ;), kamen wir gesund und munter in Berlin an. Alle freuten sich, dass die \u201eBerliner Verkehrsbetriebe\u201c, obwohl etwas sp\u00e4ter als planm\u00e4\u00dfig vorgesehen, trotzdem p\u00fcnktlich zur Party \u201eTypisch Berlin\u201c eintrafen. Gefeiert wurde in einer top Location \u2013 dem Haus des dort ans\u00e4ssigen \u201eCorps Berlin\u201c. Als K\u00fcken hatten wir den Willi dabei \u2013 eine Top-Unterst\u00fctzung f\u00fcr den Survival-Cup und den Gewinner des \u201eBaggerpreis Berlin 2014\u201c.<\/p>\n<p style=\"text-align: justify;\">Am Samstag begann das Turnier auf der Reitanlage Pichelsberg am Olympiastadion, wie gewohnt, schon \u201emitten in der Nacht\u201c. F\u00fcr den ARC Leipzig gingen Martha, Leda und Jakob an den Start. Leider waren wir nach der ersten Dressurrunde geschlossen raus aus dem Wettbewerb. Daf\u00fcr konnten wir uns den restlichen Samstag, zumindest bis zum Rahmenprogramm, etwas ausruhen und Kraft f\u00fcr die folgenden Stunden sammeln. Das etwas chaotische Rahmenprogramm fand in der Berliner Innenstadt statt \u2013 haupts\u00e4chlich auf dem Pariser Platz. Danach hatten wir noch zwei St\u00fcndchen uns auf die Samstagsfeier vorzubereiten und erneut Kraft zu sammeln und anschlie\u00dfend sehr viel Spass zu haben.<\/p>\n<p style=\"text-align: justify;\">Im Springen am Sonntag waren wir ein wenig erfolgreicher. Jakob, der das erste mal f\u00fcr den Club als richtiger Reiter startete, erritt sich den Einzug in die erste L-Runde. Dort hatte er zun\u00e4chst etwas mit einem lackschwarzen Hengst des Gest\u00fcts Bonhomme zu k\u00e4mpfen, der danach wie am Schn\u00fcrchen lief. Jakob erritt sich letztendlich Platz 11 im Springwettkampf. Die Siegerehrung begann wegen technischer Probleme leicht versp\u00e4tet. Das Team Leipzig ergatterte diesmal nur den 11.Platz. Dennoch konnten wir alle, wenn auch recht ermattet, gut gelaunt Berlin verlassen und uns ohne weitere Verz\u00f6gerungen nach Hause und in Richtung unserer stark ersehnten Betten begeben. Wir danken dem Studentenreitverein Berlin f\u00fcr das gelungene Turnier und freuen uns auf n\u00e4chstes Jahr, wenn es wieder hei\u00dft: Auf nach \u201eOooohhhh Berlin\u201c.<\/p>\n","protected":false},"excerpt":{"rendered":"<p>Vorwort des Autors: &gt;&gt; CHU Berlin \u2013 Spielbericht: Am Wochenende vom 26.-28. September 2014 veranstaltete der Studentenreitverein Berlin sein allj\u00e4hrliches Turnier. Dummerweise hat man mich ausgew\u00e4hlt, diesen Bericht zu schreiben. Was daran so bl\u00f6d ist? \u2013 Ich erinnere mich an nichts mehr. Das einzige, woran ich mich erinnere, wie wir uns erstmal auf der Autobahn, [&hellip;]<\/p>\n","protected":false},"author":3,"featured_media":0,"parent":23,"menu_order":0,"comment_status":"closed","ping_status":"open","template":"","meta":[],"_links":{"self":[{"href":"http:\/\/www.arc-leipzig.de\/index.php?rest_route=\/wp\/v2\/pages\/916"}],"collection":[{"href":"http:\/\/www.arc-leipzig.de\/index.php?rest_route=\/wp\/v2\/pages"}],"about":[{"href":"http:\/\/www.arc-leipzig.de\/index.php?rest_route=\/wp\/v2\/types\/page"}],"author":[{"embeddable":true,"href":"http:\/\/www.arc-leipzig.de\/index.php?rest_route=\/wp\/v2\/users\/3"}],"replies":[{"embeddable":true,"href":"http:\/\/www.arc-leipzig.de\/index.php?rest_route=%2Fwp%2Fv2%2Fcomments&post=916"}],"version-history":[{"count":2,"href":"http:\/\/www.arc-leipzig.de\/index.php?rest_route=\/wp\/v2\/pages\/916\/revisions"}],"predecessor-version":[{"id":936,"href":"http:\/\/www.arc-leipzig.de\/index.php?rest_route=\/wp\/v2\/pages\/916\/revisions\/936"}],"up":[{"embeddable":true,"href":"http:\/\/www.arc-leipzig.de\/index.php?rest_route=\/wp\/v2\/pages\/23"}],"wp:attachment":[{"href":"http:\/\/www.arc-leipzig.de\/index.php?rest_route=%2Fwp%2Fv2%2Fmedia&parent=916"}],"curies":[{"name":"wp","href":"https:\/\/api.w.org\/{rel}","templated":true}]}}